28. Let x be a(12). Let c be 2/(-8) + (-58)/x*5. What is the highest common factor of c and 1?
1
Suppose 4*b - 7 = u, 0*b = u + 4*b - 9. Let k = -949 - -960. Calculate the highest common factor of k and u.
1
Suppose 1164 = 22*o - 2598. Suppose -u = 3*n - 126 + 16, 3*n - 4*u = 130. What is the highest common factor of n and o?
19
Let g(r) = -5*r**3 + 3*r**3 - 8 + 1 + 3*r**3 + 9*r**2 - r. Let c be g(-9). Suppose -c*b + 22 = -b. What is the highest common divisor of 22 and b?
22
Let j(w) = 2*w**2 - 3*w + 12. Let i be j(6). Suppose -5*a = 4*a - 99. Calculate the greatest common factor of a and i.
11
Suppose 4*q - 16*p + 15*p = 113, 5*q = 3*p + 150. Let s = -3 - -6. Calculate the greatest common factor of s and q.
3
Let q be (11/(-2))/(7/(-14)). Suppose -q = 2*t - 37. What is the highest common divisor of t and 117?
13
Suppose 0 = 5*m - h - 318, -2*h = -3*m + 92 + 96. Calculate the highest common factor of m and 32.
32
Let r be (-8)/(-3)*3/1. Let y(v) be the first derivative of -v**3/3 + 8*v**2 + 17*v + 30. Let l be y(11). Calculate the greatest common factor of r and l.
8
Let d = -202 + 214. What is the greatest common divisor of 6 and d?
6
Let k be -6 - (1 - 3)*3685/22. Calculate the highest common factor of 141 and k.
47
Let h = -362 + 418. Calculate the greatest common factor of 126 and h.
14
Let s be (-2 + (-12)/(-15))/((-309)/13390). Calculate the greatest common factor of 247 and s.
13
Let r be (-22)/(-5) - 6/15. Suppose -r*o + 87 = -3*o. Let q be -1 + (29 - (3 + -4)). Calculate the highest common factor of o and q.
29
Suppose 10*n - 5*n - 4*s + 301 = 0, 2*s + 124 = -2*n. Let t = -54 - n. What is the highest common divisor of 1 and t?
1
Let i(f) = 7 - 31 + 8*f + 0*f - 4. Let k be i(11). What is the highest common divisor of k and 20?
20
Let w(b) = 12*b + 42. Let q be w(0). What is the greatest common divisor of q and 21?
21
Let b be 43/(9 - 284/32). What is the greatest common divisor of 16 and b?
8
Let l = 57 + 13. What is the greatest common factor of 28 and l?
14
Suppose -5*o + 5*d = -550, d = o - 4*d - 102. Let x be 16 - (5 + -4 + -1). Calculate the greatest common divisor of o and x.
16
Let g = -55 - -87. Calculate the greatest common factor of g and 128.
32
Let s(z) = 13*z + 44. Let p be s(2). Suppose 22 = 4*h + 2*c - c, 5*c - 14 = -4*h. Let t be 17 - 3/6*h. What is the highest common factor of p and t?
14
Suppose 0 = 3*p - 19 + 7. Let x = 18 + -16. Suppose 0 = -s - 4*i + x*i + 11, -5*s = -2*i + 5. Calculate the greatest common factor of s and p.
1
Let o be (-72)/(-20)*(-5)/(-2). Suppose -5*s - k = -5*k + 986, 3*k = 5*s + 982. Let h = -113 - s. Calculate the greatest common divisor of o and h.
9
Let x(w) = -4*w - 1. Let i be x(-3). Let q(g) = 3*g**3 - 194*g**2 + 130*g - 117. Let n be q(64). What is the highest common divisor of i and n?
11
Let z(d) = -d + 7. Let q be z(8). Let h(n) = 22*n**2 + n + 1. Let u be h(q). Let b be 10/(4 + (-42)/11). What is the greatest common divisor of u and b?
11
Let y be (-11 - 102/(-9))/((-1)/(-36)). Calculate the highest common divisor of y and 1308.
12
Let l = -59 - -122. Suppose -294 = -2*r + 3*w, -9*r + 10*r - 5*w - 133 = 0. Suppose -r = -2*d - 139. Calculate the highest common divisor of d and l.
7
Suppose -17*h + 195 = -12*h. Suppose -2*n - 3*j = -65, -149 = -5*n + j + h. What is the greatest common divisor of n and 259?
37
Suppose 0 = 26*r - 18*r - 216. Calculate the highest common divisor of 99 and r.
9
Suppose -m - 514 = 269. Let w be 3/21 + m/(-7). Calculate the greatest common factor of w and 16.
16
Suppose 7 + 1 = 4*m. Let c be (-47)/(-3) + -4 - (-1)/3. Suppose -m*d + c = d. What is the greatest common divisor of 10 and d?
2
Let m be 15*(0 - (-12)/15). Let t be (7 + -4 + 1)*m. What is the highest common factor of 48 and t?
48
Let w be (-1)/3 + (-86)/(-6). Let m be ((-5)/2 - -3)*182. Let h = m - 77. Calculate the greatest common factor of h and w.
14
Let g(n) = -99*n - 528. Let c be g(-20). What is the highest common factor of 198 and c?
66
Suppose 3 = 5*u - 4*u. Let c = 2 + u. What is the greatest common divisor of c and 15?
5
Let t be (-252471)/(-161) - 3/42*2. Calculate the greatest common divisor of 56 and t.
56
Suppose -22*q + 3 = -25*q. Let o be (q/2)/((-13)/286). Calculate the highest common divisor of o and 1.
1
Let s(m) = 5*m + 12 + 5*m**2 + 0*m - 4*m**2 - 9*m. Let q be s(0). Calculate the highest common factor of q and 30.
6
Suppose 1678 = 6*z + 544. Let o = 30 - 9. Calculate the greatest common factor of o and z.
21
Suppose 9*j - 1280 = 4*j. Calculate the greatest common factor of 16 and j.
16
Suppose 2*q = -0*q - 3*y + 181, 0 = -2*y - 2. What is the greatest common factor of q and 69?
23
Suppose 2*g + 6 - 2 = 0. Let s be 0 + g + 3 + 1. Suppose -s*p - 273 = -5*p. Calculate the highest common divisor of p and 13.
13
Let x(m) = -m**2 + 3. Let b be x(-2). Let t be 58/(1 + (0 - b)). Suppose 3*i = -i + 1276. What is the highest common factor of t and i?
29
Suppose 209 = -16*n + 4561. Calculate the greatest common divisor of n and 2584.
136
Let q = 9 + 30. Suppose 4*b = 4*g - 4, -5*b - 23 = -0*g + g. Let w = b + 17. Calculate the greatest common factor of q and w.
13
Let k(z) = z**2 - 1. Let d(y) = 7*y**2 - 2*y - 1. Let i(o) = d(o) - 5*k(o). Let w be i(-3). Calculate the greatest common divisor of 12 and w.
4
Let p(j) = -6*j - j**3 - 26 - 2*j**2 - 3*j**2 - 10*j**2 + 0*j**2. Let c be p(-15). Calculate the highest common divisor of c and 24.
8
Suppose -6*b - 111 = -273. What is the greatest common factor of 837 and b?
27
Let u(k) = 3*k + 3*k - 5*k - 16 + k. Let j be u(9). Suppose -j*w + w + 20 = 0. What is the highest common divisor of 10 and w?
10
Let s be (14/(-4))/((-3)/6 + 0). Suppose 56 = r + 3*j - s*j, 0 = 5*j. Calculate the highest common divisor of r and 8.
8
Let y be ((-604)/16)/(1/(-8)) - -6. Calculate the highest common factor of 56 and y.
28
Let s be (-1 + 0 + 24 + -22)*-3. Let z(l) = 4 - 3*l**3 + 2*l**3 - l - 1 - 2*l**2. Let h be z(s). What is the greatest common factor of h and 6?
3
Let i be ((-984)/(-10))/(33/165). Calculate the greatest common divisor of 36 and i.
12
Let g be (15 - 2) + 0 + 0. Let u be (-10)/(-15) - 26/(-6). Suppose 40 = 4*p - 0*p + 3*n, u*p - 2*n - 73 = 0. Calculate the highest common factor of p and g.
13
Let w be 4 - (2/(-9))/((-3)/27). Suppose -w*r = -r - 225. Calculate the highest common factor of r and 25.
25
Let f(n) = -8*n - 10. Let q be f(2). Let v = q - -40. Calculate the highest common divisor of 21 and v.
7
Suppose 0 = 30*z - 25 - 35. Let m be (16/6)/(7/42). Calculate the highest common factor of m and z.
2
Let a(j) = j**2 - 7*j - 21. Let q be a(10). What is the greatest common divisor of q and 1?
1
Let d = -8 - -64. Calculate the greatest common divisor of 252 and d.
28
Suppose 0 = x - 2*x. Suppose 0*g - g + 8 = x. Let j be 2/(5*g/180). Calculate the highest common divisor of j and 3.
3
Let l(x) = x**2 - 7*x + 8. Let v = -1 - -5. Suppose p + v*d - 10 = -0*d, -4*d = -4. Let g be l(p). What is the highest common divisor of g and 14?
2
Suppose 65*j - 24587 = 13893. Calculate the highest common factor of j and 4.
4
Let t(f) = f**3 - 4*f**2 - 3*f - 3. Let w be t(5). Let z be (-5)/5 + 5 + w. Calculate the highest common divisor of 165 and z.
11
Let l(k) = -k**2 + 2*k - 8. Let a be l(6). Let g = a - -16. Let y = 4 - g. What is the highest common factor of y and 50?
10
Let c = 109 - 49. Let p be 2/(-15) + 188/c. Calculate the highest common divisor of 3 and p.
3
Suppose -8*x = -4*x - 44. Suppose -8*y = -5 - x. Calculate the highest common factor of 10 and y.
2
Suppose 146 = 7*r + 48. Calculate the highest common divisor of 77 and r.
7
Let t = -3 + 6. Let o(s) = 4*s - 40. Let h = 4 + 9. Let m be o(h). What is the greatest common divisor of t and m?
3
Suppose p + 170 = 519. Suppose 5*m = -v + p, 81 = m + v + 2*v. What is the highest common factor of 23 and m?
23
Let a be (10/(-15))/(2/(-36)). Suppose -2*j - a = -3*k, 5*j + 19 = 2*k - 0*k. What is the greatest common factor of k and 4?
2
Suppose 4*a - 21 = 411. Let j be (6/(-4))/((-6)/4). Let s(p) = 12*p**3 + p - 1. Let g be s(j). Calculate the greatest common factor of a and g.
12
Let q = -307 - -342. What is the greatest common divisor of q and 875?
35
Suppose 0 = -13*l + 11*l - 396. Let q = l - -66